{"id":56,"date":"2023-10-18T14:33:06","date_gmt":"2023-10-18T14:33:06","guid":{"rendered":"https:\/\/wordpress.volpi-sera.ch\/wordpress\/?page_id=56"},"modified":"2024-03-15T08:38:57","modified_gmt":"2024-03-15T08:38:57","slug":"uber-mich","status":"publish","type":"page","link":"https:\/\/volpi-sera.ch\/index.php\/uber-mich\/","title":{"rendered":"\u00dcber mich"},"content":{"rendered":"<div class=\"wp-block-image\">\n<figure class=\"aligncenter size-full is-resized\"><img loading=\"lazy\" decoding=\"async\" width=\"492\" height=\"691\" src=\"https:\/\/volpi-sera.ch\/wp-content\/uploads\/2023\/10\/Jrena-Volpi-Wahlen.jpg\" alt=\"\" class=\"wp-image-57\" style=\"aspect-ratio:0.7120115774240231;width:294px;height:auto\" srcset=\"https:\/\/volpi-sera.ch\/wp-content\/uploads\/2023\/10\/Jrena-Volpi-Wahlen.jpg 492w, https:\/\/volpi-sera.ch\/wp-content\/uploads\/2023\/10\/Jrena-Volpi-Wahlen-214x300.jpg 214w\" sizes=\"auto, (max-width: 492px) 100vw, 492px\" \/><\/figure>\n<\/div>\n\n\n<div style=\"height:73px\" aria-hidden=\"true\" class=\"wp-block-spacer\"><\/div>\n\n\n\n<p>Bei mir hat die Liebe zum Textil schon unglaublich fr\u00fch begonnen. Ich entdeckte die Faszination f\u00fcr Textilien, als ich in den Kindergarten ging. Sp\u00e4ter hatte ich mein eigenes Atelier, w\u00e4hrend ich die Kunstgewerbeschule besuchte. Das Vorbereitungsjahr f\u00fcr naturwissenschaftliches Zeichnen war ein Versuch, mich vom Textilhandwerk zu l\u00f6sen, doch ich wusste, dass ich es nicht lassen konnte. So probierte ich verschiedene Dinge aus und konnte letztendlich nicht davon lassen.<\/p>\n\n\n\n<p>Da ich Kinder sehr liebe, absolvierte ich ein Praktikum in einem Privatkindergarten und sp\u00e4ter, weil es so gut lief, \u00fcbernahm ich ihn. Aber mit dem Babyboom hatte ich nicht gerechnet, was zur Schlie\u00dfung des Kindergartens f\u00fchrte.<\/p>\n\n\n\n<p>Mein Atelier erhielt immer mehr Auftr\u00e4ge. Ich begann auch mit Leder zu arbeiten, was zu einer neuen Spezialit\u00e4t und Leidenschaft wurde, die bis heute anh\u00e4lt. Parallel zur Arbeit im Atelier besuchte ich die Kunstgewerbe-Modefachschule. Das reichte mir jedoch nicht aus, und so schrieb ich mich in eine private Designer-Schule ein, die ich mit den Einnahmen aus dem Atelier finanzierte.<\/p>\n\n\n\n<p>Seit 1987 arbeite ich f\u00fcr die B\u00fchne in verschiedenen Theaterproduktionen. Dabei habe ich mit Autoren und Regisseuren wie Friedrich D\u00fcrrenmatt, Rolf Knie, Federico Fellini, Hans Gm\u00fcr, Erich Vock, Inigo Gallo und Rolf Kunz zusammengearbeitet. Sie alle waren stets begeistert von meinen B\u00fchnenkreationen und B\u00fchnenkost\u00fcmen, und das sind sie noch immer. In den folgenden Theaterst\u00fccken werden Sie die unverkennbare Handschrift von Jrena Volpi erkennen: <\/p>\n\n\n\n<p>\u00abTod auf dem Apfelbaum\u00bb, \u00abDe Sexy-Sepp\u00bb, \u00abHotel Happy-End\u00bb, \u00abBongo-Bongo!\u00bb, \u00abDie Million im Ehebett\u00bb, \u00abCharleys Tante\u00bb, \u00abDer schwarze Hecht\u00bb, \u00abDie alte Dame\u00bb, \u00abDie Niederdorfoper\u00bb, \u00abDie Schwindel-Filiale\u00bb, \u00abEiner flog \u00fcbers Kuckucksnest\u00bb, \u00abDie tolle Rosita\u00bb sowie auch in folgenden M\u00e4rchen: \u00abDie Bremer Stadtmusikanten\u00bb, \u00abSchneewittchen\u00bb (2 mal verschiedene Produktionen), \u00abDornr\u00f6schen\u00bb (2 mal verschiedene Produktionen), \u00abAschenbr\u00f6del\u00bb (2 mal unterschiedliche Produktionen), \u00abFrau \u00bb und jetzt aktuell \u00abRapunzel\u00bb.<\/p>\n\n\n\n<p>Wundersch\u00f6ne Ausstattungen durfte ich ausf\u00fchren, und es bereitet mir enormen Spa\u00df, f\u00fcr das Theater zu arbeiten. F\u00fcr das Fernsehen habe ich individuell gestaltete Abendkleider f\u00fcr gro\u00dfe Shows entworfen und angefertigt, wie beispielsweise f\u00fcr den &#8220;Grossen Prix Walo&#8221;, &#8220;Art on Ice&#8221; und Monte Carlo (Zirkus).<\/p>\n\n\n\n<p>Meine Kundenliste ist lang, und ich kann nicht alle aufz\u00e4hlen (falls ich jemanden vergessen habe, bitte ich um Entschuldigung): Friedrich D\u00fcrrenmatt, Erna Gm\u00fcr, Gigi Sutter, Sandra Studer, Daniel Weiss, Yvonne S\u00f6hner, Isabella Schmid und ihre Mutter, Beatrica Tschantz, Erich Vock und sein Freund Hubert, Rolf Knie und seine Frau Belinha, Jolanda Surer (Tavoli), Monika Kaelin, Nella Martinetti, Fredi M\u00fcller (Kaufleuten), Christa de Carouche, und Lacroix, f\u00fcr den ich eine Lederjacke gefertigt habe, als er noch unbekannt war, Ir\u00e8ne Fritschi, Ulrike Cziesla, Nicole Haas-Clerici, Hildegard Schwaninger, Christa Ober, Valentina, Lilian Fetscherin, Bacatello, Ursula Schaeppi, Regula Elsener, Pepe Lienhard und Musiker, Heidi Diggelmann, Elisabeth Graf. Zudem habe ich mit unz\u00e4hligen jungen K\u00fcnstlern und aufstrebenden Talenten zusammengearbeitet.<\/p>\n\n\n\n<p>Nat\u00fcrlich habe ich auch viele &#8216;normale&#8217; Kunden wie Sie und mich, da meine Preise erschwinglich sind. Im Jahr 2001 absolvierte ich einen einj\u00e4hrigen Theaterkurs (Weiterbildung), und im Jahr 2004 er\u00f6ffnete ich das Kindertheater &#8216;Fantasia &amp; Co.&#8217;. Dadurch kann ich erneut mit Kindern arbeiten und wir f\u00fchren immer wieder kleine Produktionen auf.<\/p>\n\n\n\n<p>Was meine Kollektionen betrifft: Als ich mit meinen Kollektionen begonnen habe, war und ist es mir wichtig, Produkte aus unserer Region zu verwenden. Mit dem Label &#8216;Jrena Volpi-Sera&#8217; produziere ich Mode f\u00fcr mittlere bis gehobene Anspr\u00fcche. Gegens\u00e4tze \u00fcben eine starke Anziehung auf mich aus. Es macht mir Freude, Leder, T\u00fcll, Spitze, Samt und Seide miteinander zu kombinieren und zu verarbeiten. Meine Modelle sind sehr weiblich, aber niemals ordin\u00e4r, immer schmeichelhaft f\u00fcr die Kundin und ihre Ausstrahlung. Aufgrund meiner langj\u00e4hrigen Berufserfahrung wei\u00df ich mit pr\u00e4ziser Sicherheit, was zu welchem Typ passt.<\/p>\n\n\n\n<p>Da ich nur geringe St\u00fcckzahlen f\u00fcr einzelne H\u00e4user produziere, k\u00f6nnen meine Kunden sicher sein, ein exklusives Modell zu erwerben. Es besteht keine Gefahr, auf einer Veranstaltung jemandem mit dem gleichen Kleid zu begegnen. Meine Modelle kennen keine Altersgrenzen und sind finanziell f\u00fcr jeden erschwinglich. Ich gehe flexibel auf die speziellen W\u00fcnsche meiner Privatkunden ein. Zudem bin ich stolz auf die hervorragenden Kombinationsm\u00f6glichkeiten, die meine Modelle bieten: Alle St\u00fccke lassen sich bestens miteinander kombinieren sowie auch mit bereits vorhandener Garderobe.<\/p>\n","protected":false},"excerpt":{"rendered":"<p>Bei mir hat die Liebe zum Textil schon unglaublich fr\u00fch begonnen. Ich entdeckte die Faszination f\u00fcr Textilien, als ich in den Kindergarten ging. Sp\u00e4ter hatte ich mein eigenes Atelier, w\u00e4hrend ich die Kunstgewerbeschule besuchte. Das Vorbereitungsjahr f\u00fcr naturwissenschaftliches Zeichnen war ein Versuch, mich vom Textilhandwerk&nbsp;&hellip;<\/p>\n","protected":false},"author":1,"featured_media":0,"parent":0,"menu_order":0,"comment_status":"closed","ping_status":"closed","template":"","meta":{"footnotes":""},"class_list":["post-56","page","type-page","status-publish","hentry"],"jetpack_sharing_enabled":true,"_links":{"self":[{"href":"https:\/\/volpi-sera.ch\/index.php\/wp-json\/wp\/v2\/pages\/56","targetHints":{"allow":["GET"]}}],"collection":[{"href":"https:\/\/volpi-sera.ch\/index.php\/wp-json\/wp\/v2\/pages"}],"about":[{"href":"https:\/\/volpi-sera.ch\/index.php\/wp-json\/wp\/v2\/types\/page"}],"author":[{"embeddable":true,"href":"https:\/\/volpi-sera.ch\/index.php\/wp-json\/wp\/v2\/users\/1"}],"replies":[{"embeddable":true,"href":"https:\/\/volpi-sera.ch\/index.php\/wp-json\/wp\/v2\/comments?post=56"}],"version-history":[{"count":2,"href":"https:\/\/volpi-sera.ch\/index.php\/wp-json\/wp\/v2\/pages\/56\/revisions"}],"predecessor-version":[{"id":635,"href":"https:\/\/volpi-sera.ch\/index.php\/wp-json\/wp\/v2\/pages\/56\/revisions\/635"}],"wp:attachment":[{"href":"https:\/\/volpi-sera.ch\/index.php\/wp-json\/wp\/v2\/media?parent=56"}],"curies":[{"name":"wp","href":"https:\/\/api.w.org\/{rel}","templated":true}]}}

Über mich

<div class="wp-block-image">
<figure class="aligncenter size-full is-resized"><img loading="lazy" decoding="async" width="492" height="691" src="https://volpi-sera.ch/wp-content/uploads/2023/10/Jrena-Volpi-Wahlen.jpg" alt="" class="wp-image-57" style="aspect-ratio:0.7120115774240231;width:294px;height:auto" srcset="https://volpi-sera.ch/wp-content/uploads/2023/10/Jrena-Volpi-Wahlen.jpg 492w, https://volpi-sera.ch/wp-content/uploads/2023/10/Jrena-Volpi-Wahlen-214x300.jpg 214w" sizes="auto, (max-width: 492px) 100vw, 492px" /></figure>
</div>


<div style="height:73px" aria-hidden="true" class="wp-block-spacer"></div>



<p>Bei mir hat die Liebe zum Textil schon unglaublich früh begonnen. Ich entdeckte die Faszination für Textilien, als ich in den Kindergarten ging. Später hatte ich mein eigenes Atelier, während ich die Kunstgewerbeschule besuchte. Das Vorbereitungsjahr für naturwissenschaftliches Zeichnen war ein Versuch, mich vom Textilhandwerk zu lösen, doch ich wusste, dass ich es nicht lassen konnte. So probierte ich verschiedene Dinge aus und konnte letztendlich nicht davon lassen.</p>



<p>Da ich Kinder sehr liebe, absolvierte ich ein Praktikum in einem Privatkindergarten und später, weil es so gut lief, übernahm ich ihn. Aber mit dem Babyboom hatte ich nicht gerechnet, was zur Schließung des Kindergartens führte.</p>



<p>Mein Atelier erhielt immer mehr Aufträge. Ich begann auch mit Leder zu arbeiten, was zu einer neuen Spezialität und Leidenschaft wurde, die bis heute anhält. Parallel zur Arbeit im Atelier besuchte ich die Kunstgewerbe-Modefachschule. Das reichte mir jedoch nicht aus, und so schrieb ich mich in eine private Designer-Schule ein, die ich mit den Einnahmen aus dem Atelier finanzierte.</p>



<p>Seit 1987 arbeite ich für die Bühne in verschiedenen Theaterproduktionen. Dabei habe ich mit Autoren und Regisseuren wie Friedrich Dürrenmatt, Rolf Knie, Federico Fellini, Hans Gmür, Erich Vock, Inigo Gallo und Rolf Kunz zusammengearbeitet. Sie alle waren stets begeistert von meinen Bühnenkreationen und Bühnenkostümen, und das sind sie noch immer. In den folgenden Theaterstücken werden Sie die unverkennbare Handschrift von Jrena Volpi erkennen: </p>



<p>«Tod auf dem Apfelbaum», «De Sexy-Sepp», «Hotel Happy-End», «Bongo-Bongo!», «Die Million im Ehebett», «Charleys Tante», «Der schwarze Hecht», «Die alte Dame», «Die Niederdorfoper», «Die Schwindel-Filiale», «Einer flog übers Kuckucksnest», «Die tolle Rosita» sowie auch in folgenden Märchen: «Die Bremer Stadtmusikanten», «Schneewittchen» (2 mal verschiedene Produktionen), «Dornröschen» (2 mal verschiedene Produktionen), «Aschenbrödel» (2 mal unterschiedliche Produktionen), «Frau » und jetzt aktuell «Rapunzel».</p>



<p>Wunderschöne Ausstattungen durfte ich ausführen, und es bereitet mir enormen Spaß, für das Theater zu arbeiten. Für das Fernsehen habe ich individuell gestaltete Abendkleider für große Shows entworfen und angefertigt, wie beispielsweise für den &#8220;Grossen Prix Walo&#8221;, &#8220;Art on Ice&#8221; und Monte Carlo (Zirkus).</p>



<p>Meine Kundenliste ist lang, und ich kann nicht alle aufzählen (falls ich jemanden vergessen habe, bitte ich um Entschuldigung): Friedrich Dürrenmatt, Erna Gmür, Gigi Sutter, Sandra Studer, Daniel Weiss, Yvonne Söhner, Isabella Schmid und ihre Mutter, Beatrica Tschantz, Erich Vock und sein Freund Hubert, Rolf Knie und seine Frau Belinha, Jolanda Surer (Tavoli), Monika Kaelin, Nella Martinetti, Fredi Müller (Kaufleuten), Christa de Carouche, und Lacroix, für den ich eine Lederjacke gefertigt habe, als er noch unbekannt war, Irène Fritschi, Ulrike Cziesla, Nicole Haas-Clerici, Hildegard Schwaninger, Christa Ober, Valentina, Lilian Fetscherin, Bacatello, Ursula Schaeppi, Regula Elsener, Pepe Lienhard und Musiker, Heidi Diggelmann, Elisabeth Graf. Zudem habe ich mit unzähligen jungen Künstlern und aufstrebenden Talenten zusammengearbeitet.</p>



<p>Natürlich habe ich auch viele &#8216;normale&#8217; Kunden wie Sie und mich, da meine Preise erschwinglich sind. Im Jahr 2001 absolvierte ich einen einjährigen Theaterkurs (Weiterbildung), und im Jahr 2004 eröffnete ich das Kindertheater &#8216;Fantasia &amp; Co.&#8217;. Dadurch kann ich erneut mit Kindern arbeiten und wir führen immer wieder kleine Produktionen auf.</p>



<p>Was meine Kollektionen betrifft: Als ich mit meinen Kollektionen begonnen habe, war und ist es mir wichtig, Produkte aus unserer Region zu verwenden. Mit dem Label &#8216;Jrena Volpi-Sera&#8217; produziere ich Mode für mittlere bis gehobene Ansprüche. Gegensätze üben eine starke Anziehung auf mich aus. Es macht mir Freude, Leder, Tüll, Spitze, Samt und Seide miteinander zu kombinieren und zu verarbeiten. Meine Modelle sind sehr weiblich, aber niemals ordinär, immer schmeichelhaft für die Kundin und ihre Ausstrahlung. Aufgrund meiner langjährigen Berufserfahrung weiß ich mit präziser Sicherheit, was zu welchem Typ passt.</p>



<p>Da ich nur geringe Stückzahlen für einzelne Häuser produziere, können meine Kunden sicher sein, ein exklusives Modell zu erwerben. Es besteht keine Gefahr, auf einer Veranstaltung jemandem mit dem gleichen Kleid zu begegnen. Meine Modelle kennen keine Altersgrenzen und sind finanziell für jeden erschwinglich. Ich gehe flexibel auf die speziellen Wünsche meiner Privatkunden ein. Zudem bin ich stolz auf die hervorragenden Kombinationsmöglichkeiten, die meine Modelle bieten: Alle Stücke lassen sich bestens miteinander kombinieren sowie auch mit bereits vorhandener Garderobe.</p>

<p>Bei mir hat die Liebe zum Textil schon unglaublich früh begonnen. Ich entdeckte die Faszination für Textilien, als ich in den Kindergarten ging. Später hatte ich mein eigenes Atelier, während ich die Kunstgewerbeschule besuchte. Das Vorbereitungsjahr für naturwissenschaftliches Zeichnen war ein Versuch, mich vom Textilhandwerk&nbsp;&hellip;</p>
